of 2085.
3, 5, 139
List the prime factors of 23392.
2, 17, 43
List the prime factors of 3215.
5, 643
List the prime factors of 75988.
2, 11, 157
What are the prime factors of 700?
2, 5, 7
List the prime factors of 23999.
103, 233
What are the prime factors of 62306?
2, 31153
What are the prime factors of 11405?
5, 2281
List the prime factors of 3832.
2, 479
What are the prime factors of 1254?
2, 3, 11, 19
What are the prime factors of 4049?
4049
What are the prime factors of 4685?
5, 937
List the prime factors of 44285.
5, 17, 521
List the prime factors of 1946.
2, 7, 139
What are the prime factors of 65370?
2, 3, 5, 2179
What are the prime factors of 2703?
3, 17, 53
List the prime factors of 27714.
2, 3, 31, 149
List the prime factors of 4411.
11, 401
What are the prime factors of 21205?
5, 4241
What are the prime factors of 85607?
85607
What are the prime factors of 3006?
2, 3, 167
List the prime factors of 17256.
2, 3, 719
What are the prime factors of 2563?
11, 233
What are the prime factors of 9462?
2, 3, 19, 83
What are the prime factors of 7751?
23, 337
List the prime factors of 1977.
3, 659
What are the prime factors of 28194?
2, 3, 37, 127
What are the prime factors of 25403?
7, 19, 191
What are the prime factors of 22437?
3, 277
List the prime factors of 894.
2, 3, 149
What are the prime factors of 19004?
2, 4751
What are the prime factors of 1705?
5, 11, 31
List the prime factors of 161434.
2, 7, 13, 887
What are the prime factors of 4107?
3, 37
What are the prime factors of 342?
2, 3, 19
What are the prime factors of 17081?
19, 29, 31
List the prime factors of 51961.
7, 13, 571
List the prime factors of 14045.
5, 53
List the prime factors of 5078.
2, 2539
List the prime factors of 1025.
5, 41
List the prime factors of 886.
2, 443
What are the prime factors of 31699?
31699
List the prime factors of 11391.
3, 3797
List the prime factors of 22924.
2, 11, 521
What are the prime factors of 16688?
2, 7, 149
List the prime factors of 574.
2, 7, 41
What are the prime factors of 53973?
3, 1999
What are the prime factors of 4674?
2, 3, 19, 41
What are the prime factors of 1637?
1637
What are the prime factors of 130769?
130769
List the prime factors of 8008.
2, 7, 11, 13
What are the prime factors of 1100?
2, 5, 11
List the prime factors of 2796.
2, 3, 233
List the prime factors of 1910.
2, 5, 191
What are the prime factors of 12699?
3, 17, 83
List the prime factors of 2349.
3, 29
List the prime factors of 7072.
2, 13, 17
List the prime factors of 1902.
2, 3, 317
What are the prime factors of 21892?
2, 13, 421
What are the prime factors of 93819?
3, 11, 2843
List the prime factors of 2099.
2099
What are the prime factors of 1604?
2, 401
List the prime factors of 11498.
2, 5749
What are the prime factors of 50121?
3, 5569
What are the prime factors of 2695?
5, 7, 11
What are the prime factors of 40080?
2, 3, 5, 167
What are the prime factors of 69872?
2, 11, 397
What are the prime factors of 2594?
2, 1297
What are the prime factors of 4958?
2, 37, 67
List the prime factors of 1071.
3, 7, 17
List the prime factors of 88228.
2, 7, 23, 137
What are the prime factors of 39818?
2, 43, 463
List the prime factors of 6884.
2, 1721
What are the prime factors of 4659?
3, 1553
List the prime factors of 3349.
17, 197
What are the prime factors of 847?
7, 11
What are the prime factors of 22736?
2, 7, 29
List the prime factors of 57362.
2, 23, 29, 43
List the prime factors of 22124.
2, 5531
What are the prime factors of 2143?
2143
What are the prime factors of 181594?
2, 7, 17, 109
What are the prime factors of 37083?
3, 47, 263
List the prime factors of 3834.
2, 3, 71
What are the prime factors of 1247?
29, 43
What are the prime factors of 120?
2, 3, 5
List the prime factors of 4997.
19, 263
List the prime factors of 379.
379
List the prime factors of 2620.
2, 5, 131
List the prime factors of 51395.
5, 19, 541
List the prime factors of 21878.
2, 10939
What are the prime factors of 57578?
2, 28789
List the prime factors of 40173.
3, 7, 1913
What are the prime factors of 6464?
2, 101
List the prime factors of 9009.
3, 7, 11, 13
List the prime factors of 4807.
11, 19, 23
What are the prime factors of 9160?
2, 5, 229
List the prime factors of 123.
3, 41
List the prime factors of 88883.
88883
What are the prime factors of 29918?
2, 7, 2137
What are the prime factors of 56044?
2, 14011
What are the prime factors of 3823?
3823
What are the prime factors of 1147?
31, 37
List the prime factors of 5967.
3, 13, 17
What are the prime factors of 13346?
2, 6673
List the prime factors of 9767.
9767
List the prime factors of 14827.
14827
What are the prime factors of 331?
331
What are the prime factors of 832?
2, 13
What are the prime factors of 4586?
2, 2293
List the prime factors of 29167.
29167
What are the prime factors of 7619?
19, 401
List the prime factors of 404.
2, 101
What are the prime factors of 8719?
8719
List the prime factors of 73675.
5, 7, 421
What are the prime factors of 401?
401
What are the prime factors of 133874?
2, 13, 19, 271
What are the prime factors of 309?
3, 103
What are the prime factors of 15147?
3, 11, 17
What are the prime factors of 279?
3, 31
What are the prime factors of 6760?
2, 5, 13
What are the prime factors of 95389?
7, 13627
List the prime factors of 59673.
3, 19891
List the prime factors of 404.
2, 101
What are the prime factors of 309?
3, 103
What are the prime factors of 1225?
5, 7
List the prime factors of 36496.
2, 2281
List the prime factors of 53606.
2, 7, 547
List the prime factors of 40588.
2, 73, 139
List the prime factors of 301.
7, 43
What are the prime factors of 2400?
2, 3, 5
List the prime factors of 696.
2, 3, 29
List the prime factors of 7707.
3, 7, 367
What are the prime factors of 6480?
2, 3, 5
What are the prime factors of 7701?
3, 17, 151
List the prime factors of 2024.
2, 11, 23
What are the prime factors of 101628?
2, 3, 941
What are the prime factors of 2239?
2239
List the prime factors of 149.
149
What are the prime factors of 2860?
2, 5, 11, 13
List the prime factors of 4702.
2, 2351
List the prime factors of 13598.
2, 13, 523
List the prime factors of 461.
461
What are the prime factors of 119285?
5, 23857
What are the prime factors of 50689?
173, 293
What are the prime factors of 5870?
2, 5, 587
List the prime factors of 1397.
11, 127
List the prime factors of 51884.
2, 7, 17, 109
What are the prime factors of 3007?
31, 97
List the prime factors of 16842.
2, 3, 7, 401
What are the prime factors of 3153?
3, 1051
What are the prime factors of 2116?
2, 23
List the prime factors of 48151.
179, 269
List the prime factors of 127.
127
What are the prime factors of 264?
2, 3, 11
What are the prime factors of 1411?
17, 83
List the prime factors of 1180.
2, 5, 59
List the prime factors of 5506.
2, 2753
List the prime factors of 4190.
2, 5, 419
List the prime factors of 5706.
2, 3, 317
List the prime factors of 1409.
1409
What are the prime factors of 27847?
27847
List the prime factors of 4375.
5, 7
What are the prime factors of 21087?
3, 11, 71
What are the prime factors of 2657?
2657
List the prime factors of 370.
2, 5, 37
What are the prime factors of 951?
3, 317
What are the prime factors of 26803?
7, 547
What are the prime factors of 42521?
101, 421
What are the prime factors of 10261?
31, 331
What are the prime factors of 1969?
11, 179
List the prime factors of 21773.
21773
List the prime factors of 65895.
3, 5, 23, 191
What are the prime factors of 53563?
29, 1847
What are the prime factors of 393?
3, 131
List the prime factors of 25486.
2, 12743
What are the prime factors of 616?
2, 7, 11
What are the prime factors of 433?
433
What are the prime factors of 6130?
2, 5, 613
What are the prime factors of 976?
2, 61
What are the prime factors of 116722?
2, 17, 3433
What are the prime factors of 13738?
2, 6869
What are the prime factors of 1219?
23, 53
List the prime factors of 628.
2, 157
What are the prime factors of 1035?
3, 5, 23
List the prime factors of 943.
23, 41
List the prime factors of 67715.
5, 29, 467
List the prime factors of 2161.
2161
List the prime factors of 41986.
2, 7, 2999
List the prime factors of 6261.
3, 2087
List the prime factors of 30848.
2, 241
List the prime factors of 64099